{"id":393,"date":"2025-07-04T16:43:51","date_gmt":"2025-07-04T14:43:51","guid":{"rendered":"https:\/\/www.mutge-arquitecte.com\/accesibilidad\/"},"modified":"2025-07-04T16:51:32","modified_gmt":"2025-07-04T14:51:32","slug":"accesibilidad","status":"publish","type":"page","link":"https:\/\/www.mutge-arquitecte.com\/es\/accesibilidad\/","title":{"rendered":"Accesibilidad"},"content":{"rendered":"\n<p class=\"wp-block-paragraph\">Mutge Arquitectes se ha comprometido a hacer accesible su sitio web, de conformidad con el Real Decreto 1112\/2018, de 7 de septiembre, sobre accesibilidad de los sitios web y aplicaciones para dispositivos m\u00f3viles del sector p\u00fablico.<br\/>Esta declaraci\u00f3n de accesibilidad se aplica al sitio web: <a href=\"https:\/\/www.mutge-arquitecte.com\/es\/\">https:\/\/www.mutge-arquitecte.com\/<\/a><br\/><br\/><strong>Situaci\u00f3n de cumplimiento<\/strong><br\/>Este sitio web es parcialmente conforme al RD 1112\/2018 debido a las excepciones y la falta de conformidad de los aspectos que se indican en el siguiente punto.<br\/><br\/><strong>Contenido no accesible<\/strong><br\/>El contenido que se recoge a continuaci\u00f3n no es accesible por lo siguiente:<br\/><br\/><strong>Carece de conformidad con el RD 1112\/2018<\/strong><br\/>Podr\u00edan existir errores de c\u00f3digo puntuales de edici\u00f3n en alguna p\u00e1gina web. [4 .1.1 Procesamiento]<br\/>En el formulario de contacto, al utilizar RECAPTCHA de Google, se genera al vuelo un campo g-recaptcha-response que no contiene ninguna etiqueta (label) [1 .1.1 Non-text Content (Level A)]<br\/>A todos los v\u00eddeos de Youtube incrustados en la web que han sido editados por nosotros se han a\u00f1adido subt\u00edtulos. Si alg\u00fan v\u00eddeo no contiene subt\u00edtulos es porque no contiene di\u00e1logos, s\u00f3lo se compone de m\u00fasica ambiental.<\/p>\n\n<p class=\"wp-block-paragraph\">Se ha realizado una revisi\u00f3n manual.<br\/><br\/><strong>Carga desproporcionada<\/strong><br\/>No aplica.<br\/><br\/><strong>El contenido no entra dentro del \u00e1mbito de la legislaci\u00f3n aplicable<\/strong><br\/>Podr\u00edan existir archivos ofim\u00e1ticos en PDF que no cumplan \u00edntegramente todos los requisitos de accesibilidad. Aunque se ha procurado que la mayor\u00eda s\u00ed lo cumplan.<br\/><br\/><strong>Preparaci\u00f3n para la siguiente declaraci\u00f3n de accesibilidad<\/strong><br\/>Esta declaraci\u00f3n fue preparada el 20 de mayo de 2024<br\/>El m\u00e9todo empleado para preparar la declaraci\u00f3n ha sido una autoevaluaci\u00f3n llevada a cabo por la propia empresa.<br\/><br\/><br\/><strong>Observaciones y datos de contacto<\/strong><br\/>Puede realizar comunicaciones sobre requisitos de accesibilidad (art\u00edculo 10.2.a del RD 1112\/2018) como:<\/p>\n\n<ul class=\"wp-block-list\">\n<li>Informar sobre cualquier posible incumplimiento por parte de este sitio web<\/li>\n\n\n\n<li>Transmitir otras dificultades de acceso al contenido<\/li>\n\n\n\n<li>Formular cualquier otra consulta o sugerencia de mejora relativa a la accesibilidad del sitio web mediante el formulario de contacto de este sitio web o mediante el n\u00famero de tel\u00e9fono (+34) 93 570 27 74.<\/li>\n<\/ul>\n\n<p class=\"wp-block-paragraph\"><strong>Puede presentar:<\/strong><\/p>\n\n<ul class=\"wp-block-list\">\n<li>Queja relativa al cumplimiento de los requisitos del RD 1112\/2018<\/li>\n\n\n\n<li>Solicitud de informaci\u00f3n accesible relativa a:<\/li>\n\n\n\n<li>Contenidos que est\u00e1n excluidos del \u00e1mbito de aplicaci\u00f3n del RD 1112\/2018 seg\u00fan lo que establece el art\u00edculo 3, apartado 4<\/li>\n\n\n\n<li>Contenidos que est\u00e1n exentos del cumplimiento de los requisitos de accesibilidad para imponer una carga desproporcionada<\/li>\n<\/ul>\n\n<p class=\"wp-block-paragraph\">En la Solicitud de informaci\u00f3n accesible, deben concretarse, con toda claridad, los hechos, las razones y la petici\u00f3n que permitan constatar que se trata de una solicitud razonable y leg\u00edtima.<\/p>\n\n<p class=\"wp-block-paragraph\"><strong>Contenido opcional<\/strong><br\/>Este portal est\u00e1 dise\u00f1ado para cambiar el tama\u00f1o del texto y el color, as\u00ed como el fondo de la p\u00e1gina mediante las opciones de configuraci\u00f3n est\u00e1ndar de los navegadores.<br\/>Si desea cambiar el tama\u00f1o de letra del texto en los principales navegadores gr\u00e1ficos utilice los siguientes men\u00fas:<\/p>\n\n<p class=\"wp-block-paragraph\">Internet Explorer, Mozilla y Firefox: Ver &gt; Tama\u00f1o de texto<br\/>Opera: Ver &gt; Zoom<br\/>Safari: Ver &gt; Hacer texto m\u00e1s grande<br\/>Chrome: Controla la p\u00e1gina actual &gt; Tama\u00f1o de texto<br\/>Para modificar el tama\u00f1o de toda la p\u00e1gina:<br\/>Ctrl + + para aumentarlo<br\/>Ctrl + &#8211; para disminuirlo<br\/>Ctrl + 0 restaurar la mida original del texto<\/p>\n","protected":false},"excerpt":{"rendered":"<p>Mutge Arquitectes se ha comprometido a hacer accesible su sitio web, de conformidad con el Real Decreto 1112\/2018, de 7 de septiembre, sobre accesibilidad de los<span class=\"excerpt-hellip\"> [\u2026]<\/span><\/p>\n","protected":false},"author":1,"featured_media":0,"parent":0,"menu_order":0,"comment_status":"closed","ping_status":"closed","template":"","meta":{"footnotes":""},"class_list":["post-393","page","type-page","status-publish","hentry"],"_links":{"self":[{"href":"https:\/\/www.mutge-arquitecte.com\/es\/wp-json\/wp\/v2\/pages\/393","targetHints":{"allow":["GET"]}}],"collection":[{"href":"https:\/\/www.mutge-arquitecte.com\/es\/wp-json\/wp\/v2\/pages"}],"about":[{"href":"https:\/\/www.mutge-arquitecte.com\/es\/wp-json\/wp\/v2\/types\/page"}],"author":[{"embeddable":true,"href":"https:\/\/www.mutge-arquitecte.com\/es\/wp-json\/wp\/v2\/users\/1"}],"replies":[{"embeddable":true,"href":"https:\/\/www.mutge-arquitecte.com\/es\/wp-json\/wp\/v2\/comments?post=393"}],"version-history":[{"count":2,"href":"https:\/\/www.mutge-arquitecte.com\/es\/wp-json\/wp\/v2\/pages\/393\/revisions"}],"predecessor-version":[{"id":396,"href":"https:\/\/www.mutge-arquitecte.com\/es\/wp-json\/wp\/v2\/pages\/393\/revisions\/396"}],"wp:attachment":[{"href":"https:\/\/www.mutge-arquitecte.com\/es\/wp-json\/wp\/v2\/media?parent=393"}],"curies":[{"name":"wp","href":"https:\/\/api.w.org\/{rel}","templated":true}]}}

<p class="wp-block-paragraph">Mutge Arquitectes se ha comprometido a hacer accesible su sitio web, de conformidad con el Real Decreto 1112/2018, de 7 de septiembre, sobre accesibilidad de los sitios web y aplicaciones para dispositivos móviles del sector público.<br/>Esta declaración de accesibilidad se aplica al sitio web: <a href="https://www.mutge-arquitecte.com/es/">https://www.mutge-arquitecte.com/</a><br/><br/><strong>Situación de cumplimiento</strong><br/>Este sitio web es parcialmente conforme al RD 1112/2018 debido a las excepciones y la falta de conformidad de los aspectos que se indican en el siguiente punto.<br/><br/><strong>Contenido no accesible</strong><br/>El contenido que se recoge a continuación no es accesible por lo siguiente:<br/><br/><strong>Carece de conformidad con el RD 1112/2018</strong><br/>Podrían existir errores de código puntuales de edición en alguna página web. [4 .1.1 Procesamiento]<br/>En el formulario de contacto, al utilizar RECAPTCHA de Google, se genera al vuelo un campo g-recaptcha-response que no contiene ninguna etiqueta (label) [1 .1.1 Non-text Content (Level A)]<br/>A todos los vídeos de Youtube incrustados en la web que han sido editados por nosotros se han añadido subtítulos. Si algún vídeo no contiene subtítulos es porque no contiene diálogos, sólo se compone de música ambiental.</p>

<p class="wp-block-paragraph">Se ha realizado una revisión manual.<br/><br/><strong>Carga desproporcionada</strong><br/>No aplica.<br/><br/><strong>El contenido no entra dentro del ámbito de la legislación aplicable</strong><br/>Podrían existir archivos ofimáticos en PDF que no cumplan íntegramente todos los requisitos de accesibilidad. Aunque se ha procurado que la mayoría sí lo cumplan.<br/><br/><strong>Preparación para la siguiente declaración de accesibilidad</strong><br/>Esta declaración fue preparada el 20 de mayo de 2024<br/>El método empleado para preparar la declaración ha sido una autoevaluación llevada a cabo por la propia empresa.<br/><br/><br/><strong>Observaciones y datos de contacto</strong><br/>Puede realizar comunicaciones sobre requisitos de accesibilidad (artículo 10.2.a del RD 1112/2018) como:</p>

<ul class="wp-block-list">
<li>Informar sobre cualquier posible incumplimiento por parte de este sitio web</li>



<li>Transmitir otras dificultades de acceso al contenido</li>



<li>Formular cualquier otra consulta o sugerencia de mejora relativa a la accesibilidad del sitio web mediante el formulario de contacto de este sitio web o mediante el número de teléfono (+34) 93 570 27 74.</li>
</ul>

<p class="wp-block-paragraph"><strong>Puede presentar:</strong></p>

<ul class="wp-block-list">
<li>Queja relativa al cumplimiento de los requisitos del RD 1112/2018</li>



<li>Solicitud de información accesible relativa a:</li>



<li>Contenidos que están excluidos del ámbito de aplicación del RD 1112/2018 según lo que establece el artículo 3, apartado 4</li>



<li>Contenidos que están exentos del cumplimiento de los requisitos de accesibilidad para imponer una carga desproporcionada</li>
</ul>

<p class="wp-block-paragraph">En la Solicitud de información accesible, deben concretarse, con toda claridad, los hechos, las razones y la petición que permitan constatar que se trata de una solicitud razonable y legítima.</p>

<p class="wp-block-paragraph"><strong>Contenido opcional</strong><br/>Este portal está diseñado para cambiar el tamaño del texto y el color, así como el fondo de la página mediante las opciones de configuración estándar de los navegadores.<br/>Si desea cambiar el tamaño de letra del texto en los principales navegadores gráficos utilice los siguientes menús:</p>

<p class="wp-block-paragraph">Internet Explorer, Mozilla y Firefox: Ver &gt; Tamaño de texto<br/>Opera: Ver &gt; Zoom<br/>Safari: Ver &gt; Hacer texto más grande<br/>Chrome: Controla la página actual &gt; Tamaño de texto<br/>Para modificar el tamaño de toda la página:<br/>Ctrl + + para aumentarlo<br/>Ctrl + &#8211; para disminuirlo<br/>Ctrl + 0 restaurar la mida original del texto</p>
